 common divisor of 16 and l.
2
Let c(l) = -l**3 + 14*l**2 - 65*l + 808. Let q be c(13). What is the highest common factor of q and 4532?
44
Suppose 5*y - 235 = c, -4*y + 35*c = 37*c - 202. What is the highest common divisor of 11824 and y?
16
Suppose -82998 = 226*q - 1657*q. Let c = 56 + 31. Calculate the highest common divisor of q and c.
29
Let s(d) = 11*d + 2032. Let p be s(-41). What is the greatest common factor of 465 and p?
93
Suppose -d = -15*d + 966. What is the greatest common divisor of 23 and d?
23
Let s be 90/8 + (-84)/(-112). Let k be -15 + s - (-1 - 39). What is the greatest common factor of 259 and k?
37
Let f(x) = 13*x**2 + 8*x + 8. Let z be f(-2). Let t(p) = p**3 - 8*p**2 - 18*p + 2. Let c be t(10). What is the greatest common divisor of c and z?
22
Suppose 2*y + 4*v = 200, 36*y - 31*y - 456 = v. Calculate the highest common factor of 2369 and y.
23
Let d(m) = 3*m - 29. Let v be d(14). Let x = 15 - 16. Let r(s) = -117*s. Let i be r(x). Calculate the highest common divisor of v and i.
13
Let m(o) = -o**2 + 40*o - 231. Let p be m(8). Calculate the greatest common factor of p and 365.
5
Suppose 4*r - 1751 = -r + b, -5*b = 5*r - 1745. Suppose -4*y + 574 = -r. Calculate the highest common divisor of y and 77.
77
Let u be (-38930451)/(-5859) + 8/18. Calculate the greatest common factor of u and 30.
15
Suppose -i = 4*p - 3 - 4, 0 = 5*p + 2*i - 8. Suppose -8*w + 5*w = -714. Suppose -6*g + w + p = 0. Calculate the highest common factor of 16 and g.
8
Let f be (-3)/27*-12*3. Let p be ((-42)/f)/(8/(-48)). What is the highest common divisor of p and 18?
9
Let v = -840 - -903. Let i be (-4364)/(-26) - 26/(-169). Calculate the highest common divisor of v and i.
21
Suppose 0 = -21*n - 148 + 148. Suppose 3*z - z - 90 = n. What is the highest common divisor of z and 45?
45
Let a = -25575 - -25685. What is the highest common factor of 970 and a?
10
Suppose -163*b + 7893 = 3*t - 159*b, 7956 = 3*t - 3*b. Calculate the highest common divisor of 9 and t.
3
Suppose -5*o - 1 = -2*c - 7, 0 = -c - 2*o + 6. Suppose c*s - 3*j - 543 = -s, 0 = s + 5*j - 151. Let k = 246 - s. What is the highest common factor of k and 28?
14
Let c be (-12 - -14) + 0*2/(-4). Let f be 27*2/8 + (-1)/(-4). Suppose 5*o = -5*i + 5, -4*i - c*o - f = -21. What is the greatest common divisor of 4 and i?
2
Let f be 2223/(-36) + (-2)/(-16)*-2. Let z = -59 - f. Let x = z + 33. What is the highest common divisor of 27 and x?
9
Let c be (-10795)/(-35) + 16/28. Suppose 4*l - c = r, 2*r - 375 = -5*l + r. Let n be 40 + -2 + 0/1. What is the highest common factor of n and l?
38
Let u be (39/12 - 4) + (-69)/(-12). Suppose 2*p - 2*l - 100 = 0, 5 = 5*l - 6*l. What is the highest common factor of p and u?
5
Let q be (-54)/21*((-280)/(-20) - 728). What is the highest common divisor of q and 6?
6
Suppose -9*v + 17*v - 702 = -19*v. Calculate the highest common factor of v and 3.
1
Suppose 0 = z - 582 - 388. Let m be (-5)/(-1) + (7 - 2). What is the greatest common divisor of m and z?
10
Let v(h) = 4*h**2 + 49*h + 30. Let d be v(-12). Let t be (3 + d/15)/((-2)/(-30)). What is the highest common divisor of 273 and t?
21
Let x be 659/(3 + (-6)/72*4*6). Calculate the greatest common divisor of 1 and x.
1
Suppose -3*x + 183 = -426. Let z = -594 - -623. Calculate the highest common divisor of z and x.
29
Suppose 135603*f = 135649*f - 12972. Let l = 648 + -272. What is the highest common divisor of f and l?
94
Let u be (6/2)/((-12)/(-128)). Let r(f) = -2*f**2 + 3*f + 448. Let a be r(0). Suppose 21*q + a = 23*q. What is the greatest common divisor of u and q?
32
Suppose 4*d + 3*t + 254 = 8*d, -4*d - 4*t = -268. What is the highest common divisor of 104 and d?
13
Let n(s) = 3*s + 39. Let k be n(-14). Let v be (-1 + (1 - 1))*-47 + k. Calculate the greatest common divisor of v and 198.
22
Let o be (-2)/3*1173/(-46) + -3. Let x = 0 + 2. Suppose -x*a - 5*v - 13 = -4*a, 4*v = -a + 26. What is the greatest common factor of a and o?
14
Suppose n - 116 = 4*c, 4*n - 686 + 194 = 2*c. What is the greatest common factor of 589 and n?
31
Let y be -930*10/80*-44. Calculate the greatest common divisor of y and 279.
93
Let t(r) = -93*r + 1. Let l be t(-6). Let h = -311 + l. Calculate the highest common factor of h and 16.
8
Let c = 32 - -349. Let a = c + -376. What is the highest common divisor of a and 95?
5
Let d = -874 - -887. Suppose 17*w - d*w + 47 = 3*r, -3*r + 52 = -5*w. Calculate the greatest common divisor of r and 477.
9
Let x = 112 + -99. Suppose -6*v - x = -49. Let z be -50*((-15)/v - 1). Calculate the greatest common divisor of 25 and z.
25
Let z = 287 + -83. Let a = -107 + z. Let r = 112 - a. Calculate the highest common divisor of 105 and r.
15
Suppose -2*m + 2*u + 51961 = 18085, -5*m - 3*u + 84698 = 0. Calculate the highest common divisor of 13 and m.
13
Let v = 7865 - 7842. Calculate the greatest common factor of v and 25898.
23
Suppose 3*n = -53*i + 51*i + 723, -15*n + 2*i + 3651 = 0. What is the highest common divisor of n and 36?
9
Suppose -37*q = -184764 + 23148. Suppose -8*i - 560 + q = 0. What is the greatest common factor of i and 136?
68
Let m be (30/45)/(8/108) + 0. Calculate the greatest common factor of m and 29979.
9
Let t = -69 - -102. Let m(f) = -12*f**2 - 397*f + 22. Let y be m(-33). Calculate the highest common divisor of t and y.
11
Suppose -476 = 16*g - 2476. Let x = 31 + g. What is the greatest common factor of 24 and x?
12
Let h = 310 + -27. Suppose 286*x - h*x = 36. Let v(o) = -12*o - 12. Let z be v(-8). What is the highest common divisor of z and x?
12
Suppose 0 = -5*r - 15 + 25. Suppose 0 = -8*f - r*f + 300. What is the greatest common factor of 20 and f?
10
Let r be (-6)/1*(2 + 10/(-4)). Let w be 31*((-7)/(-3) + (-4)/r). Let o = w - 11. Calculate the highest common divisor of 5 and o.
5
Suppose 3*q - 27*s - 924 = -29*s, 2*s + 308 = q. Let i = q + -92. What is the greatest common factor of 27 and i?
27
Let x = 12 + -9. Suppose x*k = -4*k + 105. Let y = -70 - -235. What is the greatest common factor of k and y?
15
Suppose -2*u + y = -61, -6*u + y + 33 = -5*u. Suppose 11*x - 13*x + 504 = l, -3*x - 4*l = -756. What is the highest common divisor of u and x?
28
Let k(o) = -70*o - 35. Let z be k(-15). Let l(g) = g**3 - 122*g**2 - g + 157. Let f be l(122). Calculate the greatest common factor of f and z.
35
Suppose -29*o + 11245 = -26*o + 2*z, 6*o - 4*z = 22498. Calculate the highest common factor of o and 163.
163
Suppose y - 50 = 379. Let m = y - 359. Calculate the greatest common divisor of 126 and m.
14
Suppose 0 = k + 4*k - 15. Suppose -21*f = 434 - 413. Let u be 1 - f - (k - (33 - 0)). What is the greatest common divisor of 288 and u?
32
Suppose 2*m - 5*m + 15 = 0, -5*q + 45 = 4*m. What is the greatest common factor of q and 300?
5
Suppose -2*a - 24*z = -20*z - 28, -5*z + 80 = 5*a. Calculate the highest common divisor of a and 10341.
9
Suppose -118*r + 2750700 = 41*r. Calculate the highest common divisor of 100 and r.
100
Let d = -59 - -28. Let a = 40 + d. Suppose -a*z + 18 = -18. What is the highest common divisor of z and 4?
4
Let n = 327 + -192. Let p be 8/4 - (-12 + 6 - (-92)/(-2)). What is the greatest common divisor of n and p?
27
Let a be ((5 + -363)/((-6)/3))/(-1). Let p = a + 262. Let m = -77 + p. What is the highest common divisor of m and 6?
6
Suppose 4*l - 4*r + 2*r - 82 = 0, -2*r = -10. Suppose s - 17 + l = 0. Let y be ((-58)/6)/(1/s*2). Calculate the highest common factor of y and 87.
29
Let u = 647 - 617. Calculate the greatest common divisor of u and 408.
6
Let c(y) = 10*y**2 - 325*y - 188. Let r be c(34). Calculate the greatest common factor of r and 92.
46
Let j = -24564 + 24613. What is the highest common factor of j and 763?
7
Suppose 258 = 9*k - 1110. Let v = -113 + k. What is the greatest common factor of v and 156?
39
Let y(q) = -q + 118. Suppose 2*n + 5 - 1 = -2*o, -4*n = 5*o + 5. Let b be y(o). What is the highest common divisor of b and 69?
23
Suppose 363 = 5*a - 3*o, -56 = -a + 4*o + 3. Calculate the highest common factor of 57 and a.
3
Let y(x) = 11*x**2. Suppose 2*b + 18 = h + 27, h = -5*b + 26. Let p be y(h). Calculate the highest common divisor of 55 and p.
11
Suppose -4*f + 1042 = -k + 3*k, k + 1 = 0. Let l be (2/4)/(5/70). Let c be (-14)/l + (33 